{"id":155,"date":"2023-12-20T22:18:16","date_gmt":"2023-12-20T22:18:16","guid":{"rendered":"https:\/\/fervent-mcclintock.92-205-105-197.plesk.page\/?page_id=155"},"modified":"2024-01-11T21:57:29","modified_gmt":"2024-01-11T21:57:29","slug":"o-nas","status":"publish","type":"page","link":"https:\/\/fervent-mcclintock.92-205-105-197.plesk.page\/index.php\/o-nas\/","title":{"rendered":"O nas"},"content":{"rendered":"\t\t<div data-elementor-type=\"wp-page\" data-elementor-id=\"155\" class=\"elementor elementor-155\" data-elementor-post-type=\"page\">\n\t\t\t\t<div class=\"elementor-element elementor-element-f5a5765 e-flex e-con-boxed e-con e-parent\" data-id=\"f5a5765\" data-element_type=\"container\" data-settings=\"{&quot;background_background&quot;:&quot;classic&quot;}\">\n\t\t\t\t\t<div class=\"e-con-inner\">\n\t\t<div class=\"elementor-element elementor-element-0b1a933 e-con-full e-flex e-con e-child\" data-id=\"0b1a933\" data-element_type=\"container\">\n\t\t\t\t<div class=\"elementor-element elementor-element-d392deb elementor-widget elementor-widget-heading\" data-id=\"d392deb\" data-element_type=\"widget\" data-widget_type=\"heading.default\">\n\t\t\t\t<div class=\"elementor-widget-container\">\n\t\t\t<h2 class=\"elementor-heading-title elementor-size-default\">o nas<\/h2>\t\t<\/div>\n\t\t\t\t<\/div>\n\t\t\t\t<\/div>\n\t\t\t\t\t<\/div>\n\t\t\t\t<\/div>\n\t\t<div class=\"elementor-element elementor-element-1d80f95 e-flex e-con-boxed e-con e-parent\" data-id=\"1d80f95\" data-element_type=\"container\" data-settings=\"{&quot;background_motion_fx_motion_fx_scrolling&quot;:&quot;yes&quot;,&quot;background_background&quot;:&quot;classic&quot;,&quot;background_motion_fx_devices&quot;:[&quot;desktop&quot;,&quot;tablet&quot;,&quot;mobile&quot;]}\">\n\t\t\t\t\t<div class=\"e-con-inner\">\n\t\t<div class=\"elementor-element elementor-element-dc5df33 e-con-full e-flex elementor-invisible e-con e-child\" data-id=\"dc5df33\" data-element_type=\"container\" data-settings=\"{&quot;animation&quot;:&quot;fadeInLeft&quot;,&quot;background_background&quot;:&quot;classic&quot;}\">\n\t\t\t\t<div class=\"elementor-element elementor-element-57ccee9 elementor-widget elementor-widget-spacer\" data-id=\"57ccee9\" data-element_type=\"widget\" data-widget_type=\"spacer.default\">\n\t\t\t\t<div class=\"elementor-widget-container\">\n\t\t\t\t\t<div class=\"elementor-spacer\">\n\t\t\t<div class=\"elementor-spacer-inner\"><\/div>\n\t\t<\/div>\n\t\t\t\t<\/div>\n\t\t\t\t<\/div>\n\t\t\t\t<\/div>\n\t\t<div class=\"elementor-element elementor-element-9fb9082 e-con-full e-flex e-con e-child\" data-id=\"9fb9082\" data-element_type=\"container\">\n\t\t\t\t<div class=\"elementor-element elementor-element-ee6605c elementor-widget elementor-widget-elementskit-heading\" data-id=\"ee6605c\" data-element_type=\"widget\" data-widget_type=\"elementskit-heading.default\">\n\t\t\t\t<div class=\"elementor-widget-container\">\n\t\t\t<div class=\"ekit-wid-con\" ><div class=\"ekit-heading elementskit-section-title-wraper text_left   ekit_heading_tablet-   ekit_heading_mobile-\"><h4 class=\"ekit-heading--title elementskit-section-title \">Alpski smu\u010darski klub <span><span>fu\u017einar<\/span><\/span><\/h4><\/div><\/div>\t\t<\/div>\n\t\t\t\t<\/div>\n\t\t\t\t<div class=\"elementor-element elementor-element-5152be5 elementor-widget elementor-widget-text-editor\" data-id=\"5152be5\" data-element_type=\"widget\" data-widget_type=\"text-editor.default\">\n\t\t\t\t<div class=\"elementor-widget-container\">\n\t\t\t\t\t\t\t<div class=\"flex-1 overflow-hidden\"><div class=\"react-scroll-to-bottom--css-wpuad-79elbk h-full\"><div class=\"react-scroll-to-bottom--css-wpuad-1n7m0yu\"><div class=\"flex flex-col pb-9 text-sm\"><div class=\"w-full text-token-text-primary\" data-testid=\"conversation-turn-19\"><div class=\"px-4 py-2 justify-center text-base md:gap-6 m-auto\"><div class=\"flex flex-1 text-base mx-auto gap-3 md:px-5 lg:px-1 xl:px-5 md:max-w-3xl lg:max-w-[40rem] xl:max-w-[48rem] group final-completion\"><div class=\"relative flex w-full flex-col lg:w-[calc(100%-115px)] agent-turn\"><div class=\"flex-col gap-1 md:gap-3\"><div class=\"flex flex-grow flex-col max-w-full\"><div class=\"min-h-[20px] text-message flex flex-col items-start gap-3 whitespace-pre-wrap break-words [.text-message+&amp;]:mt-5 overflow-x-auto\" data-message-author-role=\"assistant\" data-message-id=\"56235399-8867-455e-aa39-6bd3ae8d5167\"><div class=\"markdown prose w-full break-words dark:prose-invert dark\"><p>Alpski smu\u010darski klub Fu\u017einar (ASK) bo prihodnje leto praznoval <strong>100 let<\/strong>. To je klub z dolgoletno smu\u010darsko tradicijo. \u017de ve\u010d desetletij skrbimo za razvoj tekmovalnega in rekreativnega smu\u010danja na Ravnah in njeni okolici. Na\u0161i cilji so \u0161e vedno <strong>\u0161tevil\u010dnost tekmovalcev<\/strong> in <strong>strokovno tekmovalno delo<\/strong>, ki posledi\u010dno prina\u0161a <strong>dobre rezultate<\/strong>.<\/p><p>V klubu imamo \u010dlane od <strong>U 4 do U 16<\/strong>. Ni\u017eje skupine so nekoliko bolj \u0161tevil\u010dne (okoli <strong>15 otrok<\/strong>), potem od <strong>U 10<\/strong> naprej pa je v skupinah povpre\u010dno <strong>7 otrok<\/strong>, ki pa \u017ee imajo bolj <strong>tekmovalne ambicije<\/strong>, nekateri pa tudi zgolj \u017eeljo po dobrem, <strong>kvalitetnem smu\u010darskem znanju<\/strong>. Vsem je omogo\u010deno, da ostanejo v klubu do starosti <strong>17 let<\/strong>, potem pa se vklju\u010dijo v <strong>FIS ekipo<\/strong>.<\/p><p>\u017de od samega za\u010detka, se otroci lahko vklju\u010dujejo na tekmovanja, za\u010dnejo s <strong>Koro\u0161kim pokalom<\/strong>, posamezniki se vklju\u010dujejo tudi na tekmovanja v okolici npr. <strong>Petzen cup<\/strong>, kasneje od <strong>U 8<\/strong> naprej sledijo <strong>regijska tekmovanja<\/strong> in nato \u0161e <strong>dr\u017eavna tekmovanja<\/strong>, sodelovanje na <strong>Little fox<\/strong>, <strong>Pokalu Roka Petrovi\u010da<\/strong>, <strong>Vitranc pokal<\/strong>. Na vseh omenjenih tekmovanjih so v preteklosti na\u0161i tekmovalci \u017ee dosegali <strong>dobre oz. odli\u010dne rezultate<\/strong>.<\/p><p>Na\u0161a <strong>vizija<\/strong>, \u017eelja je tudi, da bi nam uspelo narediti <strong>tekmovalca kova za svetovni pokal<\/strong>. Tam \u017ee sodeluje na\u0161 biv\u0161i tekmovalec <strong>Rok \u0160alej<\/strong>, <strong>Albin Tahiri<\/strong>, ki trenutno tekmuje za dr\u017eavo Kosovo, <strong>Ja\u0161a \u010cebulj<\/strong>\u2026<\/p><\/div><\/div><\/div><\/div><\/div><\/div><\/div><\/div><\/div><\/div><\/div><\/div>\t\t\t\t\t\t<\/div>\n\t\t\t\t<\/div>\n\t\t\t\t<\/div>\n\t\t\t\t\t<\/div>\n\t\t\t\t<\/div>\n\t\t<div class=\"elementor-element elementor-element-00e01f5 e-flex e-con-boxed e-con e-parent\" data-id=\"00e01f5\" data-element_type=\"container\" data-settings=\"{&quot;background_background&quot;:&quot;classic&quot;}\">\n\t\t\t\t\t<div class=\"e-con-inner\">\n\t\t<div class=\"elementor-element elementor-element-a574698 e-flex e-con-boxed e-con e-child\" data-id=\"a574698\" data-element_type=\"container\">\n\t\t\t\t\t<div class=\"e-con-inner\">\n\t\t\t\t<div class=\"elementor-element elementor-element-1a5d317 elementor-widget elementor-widget-heading\" data-id=\"1a5d317\" data-element_type=\"widget\" data-widget_type=\"heading.default\">\n\t\t\t\t<div class=\"elementor-widget-container\">\n\t\t\t<h2 class=\"elementor-heading-title elementor-size-default\">SKUPAJ DO NOVIH USPEHOV<\/h2>\t\t<\/div>\n\t\t\t\t<\/div>\n\t\t\t\t\t<\/div>\n\t\t\t\t<\/div>\n\t\t<div class=\"elementor-element elementor-element-a563fa3 e-flex e-con-boxed e-con e-child\" data-id=\"a563fa3\" data-element_type=\"container\">\n\t\t\t\t\t<div class=\"e-con-inner\">\n\t\t\t\t<div class=\"elementor-element elementor-element-ccdcfce elementor-widget elementor-widget-button\" data-id=\"ccdcfce\" data-element_type=\"widget\" data-widget_type=\"button.default\">\n\t\t\t\t<div class=\"elementor-widget-container\">\n\t\t\t\t\t<div class=\"elementor-button-wrapper\">\n\t\t\t<a class=\"elementor-button elementor-button-link elementor-size-sm\" href=\"https:\/\/fervent-mcclintock.92-205-105-197.plesk.page\/index.php\/vpis\/\">\n\t\t\t\t\t\t<span class=\"elementor-button-content-wrapper\">\n\t\t\t\t\t\t\t\t\t<span class=\"elementor-button-text\">ODDAJ PRIJAVNICO<\/span>\n\t\t\t\t\t<\/span>\n\t\t\t\t\t<\/a>\n\t\t<\/div>\n\t\t\t\t<\/div>\n\t\t\t\t<\/div>\n\t\t\t\t\t<\/div>\n\t\t\t\t<\/div>\n\t\t\t\t\t<\/div>\n\t\t\t\t<\/div>\n\t\t\t\t<\/div>\n\t\t","protected":false},"excerpt":{"rendered":"<p>o nas Alpski smu\u010darski klub fu\u017einar Alpski smu\u010darski klub Fu\u017einar (ASK) bo prihodnje leto praznoval 100 let. To je klub z dolgoletno smu\u010darsko tradicijo. \u017de ve\u010d desetletij skrbimo za razvoj tekmovalnega in rekreativnega smu\u010danja na Ravnah in njeni okolici. Na\u0161i cilji so \u0161e vedno \u0161tevil\u010dnost tekmovalcev in strokovno tekmovalno delo, ki posledi\u010dno prina\u0161a dobre rezultate. [&hellip;]<\/p>\n","protected":false},"author":1,"featured_media":0,"parent":0,"menu_order":0,"comment_status":"closed","ping_status":"closed","template":"elementor_header_footer","meta":{"_acf_changed":false,"footnotes":""},"class_list":["post-155","page","type-page","status-publish","hentry"],"acf":[],"yoast_head":"<!-- This site is optimized with the Yoast SEO plugin v23.4 - https:\/\/yoast.com\/wordpress\/plugins\/seo\/ -->\n<title>O nas - ASK Fu\u017einar<\/title>\n<meta name=\"robots\" content=\"index, follow, max-snippet:-1, max-image-preview:large, max-video-preview:-1\" \/>\n<link rel=\"canonical\" href=\"https:\/\/fervent-mcclintock.92-205-105-197.plesk.page\/index.php\/o-nas\/\" \/>\n<meta property=\"og:locale\" content=\"en_US\" \/>\n<meta property=\"og:type\" content=\"article\" \/>\n<meta property=\"og:title\" content=\"O nas - ASK Fu\u017einar\" \/>\n<meta property=\"og:description\" content=\"o nas Alpski smu\u010darski klub fu\u017einar Alpski smu\u010darski klub Fu\u017einar (ASK) bo prihodnje leto praznoval 100 let. To je klub z dolgoletno smu\u010darsko tradicijo. \u017de ve\u010d desetletij skrbimo za razvoj tekmovalnega in rekreativnega smu\u010danja na Ravnah in njeni okolici. Na\u0161i cilji so \u0161e vedno \u0161tevil\u010dnost tekmovalcev in strokovno tekmovalno delo, ki posledi\u010dno prina\u0161a dobre rezultate. [&hellip;]\" \/>\n<meta property=\"og:url\" content=\"https:\/\/fervent-mcclintock.92-205-105-197.plesk.page\/index.php\/o-nas\/\" \/>\n<meta property=\"og:site_name\" content=\"ASK Fu\u017einar\" \/>\n<meta property=\"article:modified_time\" content=\"2024-01-11T21:57:29+00:00\" \/>\n<meta name=\"twitter:card\" content=\"summary_large_image\" \/>\n<meta name=\"twitter:label1\" content=\"Est. reading time\" \/>\n\t<meta name=\"twitter:data1\" content=\"1 minute\" \/>\n<script type=\"application\/ld+json\" class=\"yoast-schema-graph\">{\"@context\":\"https:\/\/schema.org\",\"@graph\":[{\"@type\":\"WebPage\",\"@id\":\"https:\/\/fervent-mcclintock.92-205-105-197.plesk.page\/index.php\/o-nas\/\",\"url\":\"https:\/\/fervent-mcclintock.92-205-105-197.plesk.page\/index.php\/o-nas\/\",\"name\":\"O nas - ASK Fu\u017einar\",\"isPartOf\":{\"@id\":\"https:\/\/fervent-mcclintock.92-205-105-197.plesk.page\/#website\"},\"datePublished\":\"2023-12-20T22:18:16+00:00\",\"dateModified\":\"2024-01-11T21:57:29+00:00\",\"breadcrumb\":{\"@id\":\"https:\/\/fervent-mcclintock.92-205-105-197.plesk.page\/index.php\/o-nas\/#breadcrumb\"},\"inLanguage\":\"en-US\",\"potentialAction\":[{\"@type\":\"ReadAction\",\"target\":[\"https:\/\/fervent-mcclintock.92-205-105-197.plesk.page\/index.php\/o-nas\/\"]}]},{\"@type\":\"BreadcrumbList\",\"@id\":\"https:\/\/fervent-mcclintock.92-205-105-197.plesk.page\/index.php\/o-nas\/#breadcrumb\",\"itemListElement\":[{\"@type\":\"ListItem\",\"position\":1,\"name\":\"Home\",\"item\":\"https:\/\/fervent-mcclintock.92-205-105-197.plesk.page\/\"},{\"@type\":\"ListItem\",\"position\":2,\"name\":\"O nas\"}]},{\"@type\":\"WebSite\",\"@id\":\"https:\/\/fervent-mcclintock.92-205-105-197.plesk.page\/#website\",\"url\":\"https:\/\/fervent-mcclintock.92-205-105-197.plesk.page\/\",\"name\":\"ASK Fu\u017einar\",\"description\":\"Alpski smu\u010darski klub Fu\u017einar\",\"publisher\":{\"@id\":\"https:\/\/fervent-mcclintock.92-205-105-197.plesk.page\/#organization\"},\"potentialAction\":[{\"@type\":\"SearchAction\",\"target\":{\"@type\":\"EntryPoint\",\"urlTemplate\":\"https:\/\/fervent-mcclintock.92-205-105-197.plesk.page\/?s={search_term_string}\"},\"query-input\":{\"@type\":\"PropertyValueSpecification\",\"valueRequired\":true,\"valueName\":\"search_term_string\"}}],\"inLanguage\":\"en-US\"},{\"@type\":\"Organization\",\"@id\":\"https:\/\/fervent-mcclintock.92-205-105-197.plesk.page\/#organization\",\"name\":\"ASK Fu\u017einar\",\"url\":\"https:\/\/fervent-mcclintock.92-205-105-197.plesk.page\/\",\"logo\":{\"@type\":\"ImageObject\",\"inLanguage\":\"en-US\",\"@id\":\"https:\/\/fervent-mcclintock.92-205-105-197.plesk.page\/#\/schema\/logo\/image\/\",\"url\":\"https:\/\/fervent-mcclintock.92-205-105-197.plesk.page\/wp-content\/uploads\/2023\/12\/logoASK.png\",\"contentUrl\":\"https:\/\/fervent-mcclintock.92-205-105-197.plesk.page\/wp-content\/uploads\/2023\/12\/logoASK.png\",\"width\":240,\"height\":203,\"caption\":\"ASK Fu\u017einar\"},\"image\":{\"@id\":\"https:\/\/fervent-mcclintock.92-205-105-197.plesk.page\/#\/schema\/logo\/image\/\"}}]}<\/script>\n<!-- \/ Yoast SEO plugin. -->","yoast_head_json":{"title":"O nas - ASK Fu\u017einar","robots":{"index":"index","follow":"follow","max-snippet":"max-snippet:-1","max-image-preview":"max-image-preview:large","max-video-preview":"max-video-preview:-1"},"canonical":"https:\/\/fervent-mcclintock.92-205-105-197.plesk.page\/index.php\/o-nas\/","og_locale":"en_US","og_type":"article","og_title":"O nas - ASK Fu\u017einar","og_description":"o nas Alpski smu\u010darski klub fu\u017einar Alpski smu\u010darski klub Fu\u017einar (ASK) bo prihodnje leto praznoval 100 let. To je klub z dolgoletno smu\u010darsko tradicijo. \u017de ve\u010d desetletij skrbimo za razvoj tekmovalnega in rekreativnega smu\u010danja na Ravnah in njeni okolici. Na\u0161i cilji so \u0161e vedno \u0161tevil\u010dnost tekmovalcev in strokovno tekmovalno delo, ki posledi\u010dno prina\u0161a dobre rezultate. [&hellip;]","og_url":"https:\/\/fervent-mcclintock.92-205-105-197.plesk.page\/index.php\/o-nas\/","og_site_name":"ASK Fu\u017einar","article_modified_time":"2024-01-11T21:57:29+00:00","twitter_card":"summary_large_image","twitter_misc":{"Est. reading time":"1 minute"},"schema":{"@context":"https:\/\/schema.org","@graph":[{"@type":"WebPage","@id":"https:\/\/fervent-mcclintock.92-205-105-197.plesk.page\/index.php\/o-nas\/","url":"https:\/\/fervent-mcclintock.92-205-105-197.plesk.page\/index.php\/o-nas\/","name":"O nas - ASK Fu\u017einar","isPartOf":{"@id":"https:\/\/fervent-mcclintock.92-205-105-197.plesk.page\/#website"},"datePublished":"2023-12-20T22:18:16+00:00","dateModified":"2024-01-11T21:57:29+00:00","breadcrumb":{"@id":"https:\/\/fervent-mcclintock.92-205-105-197.plesk.page\/index.php\/o-nas\/#breadcrumb"},"inLanguage":"en-US","potentialAction":[{"@type":"ReadAction","target":["https:\/\/fervent-mcclintock.92-205-105-197.plesk.page\/index.php\/o-nas\/"]}]},{"@type":"BreadcrumbList","@id":"https:\/\/fervent-mcclintock.92-205-105-197.plesk.page\/index.php\/o-nas\/#breadcrumb","itemListElement":[{"@type":"ListItem","position":1,"name":"Home","item":"https:\/\/fervent-mcclintock.92-205-105-197.plesk.page\/"},{"@type":"ListItem","position":2,"name":"O nas"}]},{"@type":"WebSite","@id":"https:\/\/fervent-mcclintock.92-205-105-197.plesk.page\/#website","url":"https:\/\/fervent-mcclintock.92-205-105-197.plesk.page\/","name":"ASK Fu\u017einar","description":"Alpski smu\u010darski klub Fu\u017einar","publisher":{"@id":"https:\/\/fervent-mcclintock.92-205-105-197.plesk.page\/#organization"},"potentialAction":[{"@type":"SearchAction","target":{"@type":"EntryPoint","urlTemplate":"https:\/\/fervent-mcclintock.92-205-105-197.plesk.page\/?s={search_term_string}"},"query-input":{"@type":"PropertyValueSpecification","valueRequired":true,"valueName":"search_term_string"}}],"inLanguage":"en-US"},{"@type":"Organization","@id":"https:\/\/fervent-mcclintock.92-205-105-197.plesk.page\/#organization","name":"ASK Fu\u017einar","url":"https:\/\/fervent-mcclintock.92-205-105-197.plesk.page\/","logo":{"@type":"ImageObject","inLanguage":"en-US","@id":"https:\/\/fervent-mcclintock.92-205-105-197.plesk.page\/#\/schema\/logo\/image\/","url":"https:\/\/fervent-mcclintock.92-205-105-197.plesk.page\/wp-content\/uploads\/2023\/12\/logoASK.png","contentUrl":"https:\/\/fervent-mcclintock.92-205-105-197.plesk.page\/wp-content\/uploads\/2023\/12\/logoASK.png","width":240,"height":203,"caption":"ASK Fu\u017einar"},"image":{"@id":"https:\/\/fervent-mcclintock.92-205-105-197.plesk.page\/#\/schema\/logo\/image\/"}}]}},"_links":{"self":[{"href":"https:\/\/fervent-mcclintock.92-205-105-197.plesk.page\/index.php\/wp-json\/wp\/v2\/pages\/155","targetHints":{"allow":["GET"]}}],"collection":[{"href":"https:\/\/fervent-mcclintock.92-205-105-197.plesk.page\/index.php\/wp-json\/wp\/v2\/pages"}],"about":[{"href":"https:\/\/fervent-mcclintock.92-205-105-197.plesk.page\/index.php\/wp-json\/wp\/v2\/types\/page"}],"author":[{"embeddable":true,"href":"https:\/\/fervent-mcclintock.92-205-105-197.plesk.page\/index.php\/wp-json\/wp\/v2\/users\/1"}],"replies":[{"embeddable":true,"href":"https:\/\/fervent-mcclintock.92-205-105-197.plesk.page\/index.php\/wp-json\/wp\/v2\/comments?post=155"}],"version-history":[{"count":22,"href":"https:\/\/fervent-mcclintock.92-205-105-197.plesk.page\/index.php\/wp-json\/wp\/v2\/pages\/155\/revisions"}],"predecessor-version":[{"id":558,"href":"https:\/\/fervent-mcclintock.92-205-105-197.plesk.page\/index.php\/wp-json\/wp\/v2\/pages\/155\/revisions\/558"}],"wp:attachment":[{"href":"https:\/\/fervent-mcclintock.92-205-105-197.plesk.page\/index.php\/wp-json\/wp\/v2\/media?parent=155"}],"curies":[{"name":"wp","href":"https:\/\/api.w.org\/{rel}","templated":true}]}}