{"id":213,"date":"2023-12-20T22:59:53","date_gmt":"2023-12-20T22:59:53","guid":{"rendered":"https:\/\/fervent-mcclintock.92-205-105-197.plesk.page\/?page_id=213"},"modified":"2023-12-20T23:13:17","modified_gmt":"2023-12-20T23:13:17","slug":"sponzorji","status":"publish","type":"page","link":"https:\/\/fervent-mcclintock.92-205-105-197.plesk.page\/index.php\/sponzorji\/","title":{"rendered":"Sponzorji"},"content":{"rendered":"\t\t<div data-elementor-type=\"wp-page\" data-elementor-id=\"213\" class=\"elementor elementor-213\" data-elementor-post-type=\"page\">\n\t\t\t\t<div class=\"elementor-element elementor-element-29de945 e-flex e-con-boxed e-con e-parent\" data-id=\"29de945\" data-element_type=\"container\">\n\t\t\t\t\t<div class=\"e-con-inner\">\n\t\t<div class=\"elementor-element elementor-element-4b882c5 e-con-full e-flex e-con e-child\" data-id=\"4b882c5\" data-element_type=\"container\">\n\t\t\t\t<div class=\"elementor-element elementor-element-1f4c14f elementor-widget elementor-widget-heading\" data-id=\"1f4c14f\" data-element_type=\"widget\" data-widget_type=\"heading.default\">\n\t\t\t\t<div class=\"elementor-widget-container\">\n\t\t\t<h6 class=\"elementor-heading-title elementor-size-default\">PODPORA<\/h6>\t\t<\/div>\n\t\t\t\t<\/div>\n\t\t\t\t<div class=\"elementor-element elementor-element-73903c4 elementor-widget elementor-widget-heading\" data-id=\"73903c4\" data-element_type=\"widget\" data-widget_type=\"heading.default\">\n\t\t\t\t<div class=\"elementor-widget-container\">\n\t\t\t<h2 class=\"elementor-heading-title elementor-size-default\">NA\u0160I SPONOZORJI<\/h2>\t\t<\/div>\n\t\t\t\t<\/div>\n\t\t\t\t<\/div>\n\t\t\t\t\t<\/div>\n\t\t\t\t<\/div>\n\t\t<div class=\"elementor-element elementor-element-1550ba1 e-flex e-con-boxed e-con e-parent\" data-id=\"1550ba1\" data-element_type=\"container\">\n\t\t\t\t\t<div class=\"e-con-inner\">\n\t\t<div class=\"elementor-element elementor-element-eb15767 e-con-full e-flex e-con e-child\" data-id=\"eb15767\" data-element_type=\"container\">\n\t\t\t\t<div class=\"elementor-element elementor-element-0bf9d7e elementor-widget elementor-widget-heading\" data-id=\"0bf9d7e\" data-element_type=\"widget\" data-widget_type=\"heading.default\">\n\t\t\t\t<div class=\"elementor-widget-container\">\n\t\t\t<h6 class=\"elementor-heading-title elementor-size-default\">NA\u0160I PODPORNIKI<\/h6>\t\t<\/div>\n\t\t\t\t<\/div>\n\t\t\t\t<div class=\"elementor-element elementor-element-e6791e0 elementor-widget elementor-widget-heading\" data-id=\"e6791e0\" data-element_type=\"widget\" data-widget_type=\"heading.default\">\n\t\t\t\t<div class=\"elementor-widget-container\">\n\t\t\t<h3 class=\"elementor-heading-title elementor-size-default\">PODPORA BREZ KATERE NE GRE<\/h3>\t\t<\/div>\n\t\t\t\t<\/div>\n\t\t\t\t<div class=\"elementor-element elementor-element-cfdbf04 elementor-widget elementor-widget-text-editor\" data-id=\"cfdbf04\" data-element_type=\"widget\" data-widget_type=\"text-editor.default\">\n\t\t\t\t<div class=\"elementor-widget-container\">\n\t\t\t\t\t\t\t<p>V Alpskem smu\u010darskem klubu Fu\u017einar (ASK) cenimo in se zahvaljujemo na\u0161im <strong>sponzorjem<\/strong>, ki so klju\u010dni partnerji pri ustvarjanju izjemnih smu\u010darskih trenutkov in razvoju na\u0161ih tekmovalcev. Z njihovo podporo smo sposobni zagotavljati vrhunske pogoje za treninge, tekmovanja in celostni razvoj smu\u010darjev vseh starosti.<\/p><p><strong>Povezovanje s podjetji<\/strong>, ki delijo na\u0161o strast do smu\u010danja, je za nas izjemno pomembno. Sponzorji ne le prispevajo k finan\u010dni stabilnosti kluba, temve\u010d postanejo tudi del na\u0161e \u0161portne dru\u017eine. S svojo predanostjo podjetjem, ki nas podpirajo, omogo\u010damo izjemno izku\u0161njo sodelovanja, kjer smo vsi povezani z istim ciljem &#8211; spodbujanje smu\u010darskih dose\u017ekov in ustvarjanje trdne skupnosti smu\u010darskih navdu\u0161encev.<\/p><p>\u010ce si tudi vi \u017eelite postati del na\u0161e skupnosti in prispevati k razvoju smu\u010danja, smo odprti za sodelovanje. <strong>Stopite v stik z nami<\/strong> in postanite pomemben del uspe\u0161ne smu\u010darske zgodbe v ASK Fu\u017einar! Hvala vsem na\u0161im dragocenim sponzorjem za njihovo podporo in za soustvarjanje smu\u010darskih sanj! \u26f7\ufe0f\ud83e\udd1d<\/p>\t\t\t\t\t\t<\/div>\n\t\t\t\t<\/div>\n\t\t\t\t<div class=\"elementor-element elementor-element-4c39bc2 elementor-arrows-position-inside elementor-pagination-position-outside elementor-widget elementor-widget-image-carousel\" data-id=\"4c39bc2\" data-element_type=\"widget\" data-settings=\"{&quot;slides_to_show&quot;:&quot;5&quot;,&quot;slides_to_scroll&quot;:&quot;1&quot;,&quot;image_spacing_custom&quot;:{&quot;unit&quot;:&quot;px&quot;,&quot;size&quot;:50,&quot;sizes&quot;:[]},&quot;navigation&quot;:&quot;both&quot;,&quot;autoplay&quot;:&quot;yes&quot;,&quot;pause_on_hover&quot;:&quot;yes&quot;,&quot;pause_on_interaction&quot;:&quot;yes&quot;,&quot;autoplay_speed&quot;:5000,&quot;infinite&quot;:&quot;yes&quot;,&quot;speed&quot;:500,&quot;image_spacing_custom_tablet&quot;:{&quot;unit&quot;:&quot;px&quot;,&quot;size&quot;:&quot;&quot;,&quot;sizes&quot;:[]},&quot;image_spacing_custom_mobile&quot;:{&quot;unit&quot;:&quot;px&quot;,&quot;size&quot;:&quot;&quot;,&quot;sizes&quot;:[]}}\" data-widget_type=\"image-carousel.default\">\n\t\t\t\t<div class=\"elementor-widget-container\">\n\t\t\t\t\t<div class=\"elementor-image-carousel-wrapper swiper\" dir=\"ltr\">\n\t\t\t<div class=\"elementor-image-carousel swiper-wrapper\" aria-live=\"off\">\n\t\t\t\t\t\t\t\t<div class=\"swiper-slide\" role=\"group\" aria-roledescription=\"slide\" aria-label=\"1 of 5\"><figure class=\"swiper-slide-inner\"><img decoding=\"async\" class=\"swiper-slide-image\" src=\"https:\/\/fervent-mcclintock.92-205-105-197.plesk.page\/wp-content\/uploads\/2023\/12\/85af65_e8a4069358fe48329ab3467d7abcf4eemv2.jpg\" alt=\"85af65_e8a4069358fe48329ab3467d7abcf4ee~mv2\" \/><\/figure><\/div><div class=\"swiper-slide\" role=\"group\" aria-roledescription=\"slide\" aria-label=\"2 of 5\"><figure class=\"swiper-slide-inner\"><img decoding=\"async\" class=\"swiper-slide-image\" src=\"https:\/\/fervent-mcclintock.92-205-105-197.plesk.page\/wp-content\/uploads\/2023\/12\/85af65_1600c2f1d4ef4c5a995facc4aa492b36mv2.png\" alt=\"85af65_1600c2f1d4ef4c5a995facc4aa492b36~mv2\" \/><\/figure><\/div><div class=\"swiper-slide\" role=\"group\" aria-roledescription=\"slide\" aria-label=\"3 of 5\"><figure class=\"swiper-slide-inner\"><img decoding=\"async\" class=\"swiper-slide-image\" src=\"https:\/\/fervent-mcclintock.92-205-105-197.plesk.page\/wp-content\/uploads\/2023\/12\/85af65_135b44a4d1b54265b09f711906fa0597mv2.jpg\" alt=\"85af65_135b44a4d1b54265b09f711906fa0597~mv2\" \/><\/figure><\/div><div class=\"swiper-slide\" role=\"group\" aria-roledescription=\"slide\" aria-label=\"4 of 5\"><figure class=\"swiper-slide-inner\"><img decoding=\"async\" class=\"swiper-slide-image\" src=\"https:\/\/fervent-mcclintock.92-205-105-197.plesk.page\/wp-content\/uploads\/2023\/12\/85af65_178898f8d8dc464296ee8c372c312f44mv2.png\" alt=\"85af65_178898f8d8dc464296ee8c372c312f44~mv2\" \/><\/figure><\/div><div class=\"swiper-slide\" role=\"group\" aria-roledescription=\"slide\" aria-label=\"5 of 5\"><figure class=\"swiper-slide-inner\"><img decoding=\"async\" class=\"swiper-slide-image\" src=\"https:\/\/fervent-mcclintock.92-205-105-197.plesk.page\/wp-content\/uploads\/2023\/12\/85af65_6e14cf778e79483f9659f8fcd5bde194mv2.jpg\" alt=\"85af65_6e14cf778e79483f9659f8fcd5bde194~mv2\" \/><\/figure><\/div>\t\t\t<\/div>\n\t\t\t\t\t\t\t\t\t\t\t\t<div class=\"elementor-swiper-button elementor-swiper-button-prev\" role=\"button\" tabindex=\"0\">\n\t\t\t\t\t\t<svg aria-hidden=\"true\" class=\"e-font-icon-svg e-eicon-chevron-left\" viewBox=\"0 0 1000 1000\" xmlns=\"http:\/\/www.w3.org\/2000\/svg\"><path d=\"M646 125C629 125 613 133 604 142L308 442C296 454 292 471 292 487 292 504 296 521 308 533L604 854C617 867 629 875 646 875 663 875 679 871 692 858 704 846 713 829 713 812 713 796 708 779 692 767L438 487 692 225C700 217 708 204 708 187 708 171 704 154 692 142 675 129 663 125 646 125Z\"><\/path><\/svg>\t\t\t\t\t<\/div>\n\t\t\t\t\t<div class=\"elementor-swiper-button elementor-swiper-button-next\" role=\"button\" tabindex=\"0\">\n\t\t\t\t\t\t<svg aria-hidden=\"true\" class=\"e-font-icon-svg e-eicon-chevron-right\" viewBox=\"0 0 1000 1000\" xmlns=\"http:\/\/www.w3.org\/2000\/svg\"><path d=\"M696 533C708 521 713 504 713 487 713 471 708 454 696 446L400 146C388 133 375 125 354 125 338 125 325 129 313 142 300 154 292 171 292 187 292 204 296 221 308 233L563 492 304 771C292 783 288 800 288 817 288 833 296 850 308 863 321 871 338 875 354 875 371 875 388 867 400 854L696 533Z\"><\/path><\/svg>\t\t\t\t\t<\/div>\n\t\t\t\t\n\t\t\t\t\t\t\t\t\t<div class=\"swiper-pagination\"><\/div>\n\t\t\t\t\t\t\t\t\t<\/div>\n\t\t\t\t<\/div>\n\t\t\t\t<\/div>\n\t\t\t\t<\/div>\n\t\t\t\t\t<\/div>\n\t\t\t\t<\/div>\n\t\t<div class=\"elementor-element elementor-element-f0cda35 e-flex e-con-boxed e-con e-parent\" data-id=\"f0cda35\" data-element_type=\"container\" data-settings=\"{&quot;background_background&quot;:&quot;classic&quot;}\">\n\t\t\t\t\t<div class=\"e-con-inner\">\n\t\t<div class=\"elementor-element elementor-element-720a874 e-con-full e-flex e-con e-child\" data-id=\"720a874\" data-element_type=\"container\">\n\t\t\t\t<div class=\"elementor-element elementor-element-7e6fdbf elementor-widget elementor-widget-elementskit-heading\" data-id=\"7e6fdbf\" data-element_type=\"widget\" data-widget_type=\"elementskit-heading.default\">\n\t\t\t\t<div class=\"elementor-widget-container\">\n\t\t\t<div class=\"ekit-wid-con\" ><div class=\"ekit-heading elementskit-section-title-wraper text_left   ekit_heading_tablet-   ekit_heading_mobile-\"><h4 class=\"ekit-heading--title elementskit-section-title \"><span><span>PRIDRU\u017dI<\/span><\/span> SE NAM<\/h4><\/div><\/div>\t\t<\/div>\n\t\t\t\t<\/div>\n\t\t\t\t<\/div>\n\t\t<div class=\"elementor-element elementor-element-3c02426 e-con-full e-flex e-con e-child\" data-id=\"3c02426\" data-element_type=\"container\">\n\t\t\t\t<div class=\"elementor-element elementor-element-0f97fe9 elementor-widget elementor-widget-button\" data-id=\"0f97fe9\" data-element_type=\"widget\" data-widget_type=\"button.default\">\n\t\t\t\t<div class=\"elementor-widget-container\">\n\t\t\t\t\t<div class=\"elementor-button-wrapper\">\n\t\t\t<a class=\"elementor-button elementor-button-link elementor-size-sm\" href=\"https:\/\/fervent-mcclintock.92-205-105-197.plesk.page\/index.php\/vpis\/\">\n\t\t\t\t\t\t<span class=\"elementor-button-content-wrapper\">\n\t\t\t\t\t\t\t\t\t<span class=\"elementor-button-text\">KLIKNI TUKAJ<\/span>\n\t\t\t\t\t<\/span>\n\t\t\t\t\t<\/a>\n\t\t<\/div>\n\t\t\t\t<\/div>\n\t\t\t\t<\/div>\n\t\t\t\t<\/div>\n\t\t\t\t\t<\/div>\n\t\t\t\t<\/div>\n\t\t\t\t<\/div>\n\t\t","protected":false},"excerpt":{"rendered":"<p>PODPORA NA\u0160I SPONOZORJI NA\u0160I PODPORNIKI PODPORA BREZ KATERE NE GRE V Alpskem smu\u010darskem klubu Fu\u017einar (ASK) cenimo in se zahvaljujemo na\u0161im sponzorjem, ki so klju\u010dni partnerji pri ustvarjanju izjemnih smu\u010darskih trenutkov in razvoju na\u0161ih tekmovalcev. Z njihovo podporo smo sposobni zagotavljati vrhunske pogoje za treninge, tekmovanja in celostni razvoj smu\u010darjev vseh starosti. Povezovanje s podjetji, [&hellip;]<\/p>\n","protected":false},"author":1,"featured_media":0,"parent":0,"menu_order":0,"comment_status":"closed","ping_status":"closed","template":"elementor_header_footer","meta":{"_acf_changed":false,"footnotes":""},"class_list":["post-213","page","type-page","status-publish","hentry"],"acf":[],"yoast_head":"<!-- This site is optimized with the Yoast SEO plugin v23.4 - https:\/\/yoast.com\/wordpress\/plugins\/seo\/ -->\n<title>Sponzorji - ASK Fu\u017einar<\/title>\n<meta name=\"robots\" content=\"index, follow, max-snippet:-1, max-image-preview:large, max-video-preview:-1\" \/>\n<link rel=\"canonical\" href=\"https:\/\/fervent-mcclintock.92-205-105-197.plesk.page\/index.php\/sponzorji\/\" \/>\n<meta property=\"og:locale\" content=\"en_US\" \/>\n<meta property=\"og:type\" content=\"article\" \/>\n<meta property=\"og:title\" content=\"Sponzorji - ASK Fu\u017einar\" \/>\n<meta property=\"og:description\" content=\"PODPORA NA\u0160I SPONOZORJI NA\u0160I PODPORNIKI PODPORA BREZ KATERE NE GRE V Alpskem smu\u010darskem klubu Fu\u017einar (ASK) cenimo in se zahvaljujemo na\u0161im sponzorjem, ki so klju\u010dni partnerji pri ustvarjanju izjemnih smu\u010darskih trenutkov in razvoju na\u0161ih tekmovalcev. Z njihovo podporo smo sposobni zagotavljati vrhunske pogoje za treninge, tekmovanja in celostni razvoj smu\u010darjev vseh starosti. Povezovanje s podjetji, [&hellip;]\" \/>\n<meta property=\"og:url\" content=\"https:\/\/fervent-mcclintock.92-205-105-197.plesk.page\/index.php\/sponzorji\/\" \/>\n<meta property=\"og:site_name\" content=\"ASK Fu\u017einar\" \/>\n<meta property=\"article:modified_time\" content=\"2023-12-20T23:13:17+00:00\" \/>\n<meta property=\"og:image\" content=\"https:\/\/fervent-mcclintock.92-205-105-197.plesk.page\/wp-content\/uploads\/2023\/12\/85af65_e8a4069358fe48329ab3467d7abcf4eemv2.jpg\" \/>\n<meta name=\"twitter:card\" content=\"summary_large_image\" \/>\n<meta name=\"twitter:label1\" content=\"Est. reading time\" \/>\n\t<meta name=\"twitter:data1\" content=\"5 minutes\" \/>\n<script type=\"application\/ld+json\" class=\"yoast-schema-graph\">{\"@context\":\"https:\/\/schema.org\",\"@graph\":[{\"@type\":\"WebPage\",\"@id\":\"https:\/\/fervent-mcclintock.92-205-105-197.plesk.page\/index.php\/sponzorji\/\",\"url\":\"https:\/\/fervent-mcclintock.92-205-105-197.plesk.page\/index.php\/sponzorji\/\",\"name\":\"Sponzorji - ASK Fu\u017einar\",\"isPartOf\":{\"@id\":\"https:\/\/fervent-mcclintock.92-205-105-197.plesk.page\/#website\"},\"primaryImageOfPage\":{\"@id\":\"https:\/\/fervent-mcclintock.92-205-105-197.plesk.page\/index.php\/sponzorji\/#primaryimage\"},\"image\":{\"@id\":\"https:\/\/fervent-mcclintock.92-205-105-197.plesk.page\/index.php\/sponzorji\/#primaryimage\"},\"thumbnailUrl\":\"https:\/\/fervent-mcclintock.92-205-105-197.plesk.page\/wp-content\/uploads\/2023\/12\/85af65_e8a4069358fe48329ab3467d7abcf4eemv2.jpg\",\"datePublished\":\"2023-12-20T22:59:53+00:00\",\"dateModified\":\"2023-12-20T23:13:17+00:00\",\"breadcrumb\":{\"@id\":\"https:\/\/fervent-mcclintock.92-205-105-197.plesk.page\/index.php\/sponzorji\/#breadcrumb\"},\"inLanguage\":\"en-US\",\"potentialAction\":[{\"@type\":\"ReadAction\",\"target\":[\"https:\/\/fervent-mcclintock.92-205-105-197.plesk.page\/index.php\/sponzorji\/\"]}]},{\"@type\":\"ImageObject\",\"inLanguage\":\"en-US\",\"@id\":\"https:\/\/fervent-mcclintock.92-205-105-197.plesk.page\/index.php\/sponzorji\/#primaryimage\",\"url\":\"https:\/\/fervent-mcclintock.92-205-105-197.plesk.page\/wp-content\/uploads\/2023\/12\/85af65_e8a4069358fe48329ab3467d7abcf4eemv2.jpg\",\"contentUrl\":\"https:\/\/fervent-mcclintock.92-205-105-197.plesk.page\/wp-content\/uploads\/2023\/12\/85af65_e8a4069358fe48329ab3467d7abcf4eemv2.jpg\",\"width\":536,\"height\":437},{\"@type\":\"BreadcrumbList\",\"@id\":\"https:\/\/fervent-mcclintock.92-205-105-197.plesk.page\/index.php\/sponzorji\/#breadcrumb\",\"itemListElement\":[{\"@type\":\"ListItem\",\"position\":1,\"name\":\"Home\",\"item\":\"https:\/\/fervent-mcclintock.92-205-105-197.plesk.page\/\"},{\"@type\":\"ListItem\",\"position\":2,\"name\":\"Sponzorji\"}]},{\"@type\":\"WebSite\",\"@id\":\"https:\/\/fervent-mcclintock.92-205-105-197.plesk.page\/#website\",\"url\":\"https:\/\/fervent-mcclintock.92-205-105-197.plesk.page\/\",\"name\":\"ASK Fu\u017einar\",\"description\":\"Alpski smu\u010darski klub Fu\u017einar\",\"publisher\":{\"@id\":\"https:\/\/fervent-mcclintock.92-205-105-197.plesk.page\/#organization\"},\"potentialAction\":[{\"@type\":\"SearchAction\",\"target\":{\"@type\":\"EntryPoint\",\"urlTemplate\":\"https:\/\/fervent-mcclintock.92-205-105-197.plesk.page\/?s={search_term_string}\"},\"query-input\":{\"@type\":\"PropertyValueSpecification\",\"valueRequired\":true,\"valueName\":\"search_term_string\"}}],\"inLanguage\":\"en-US\"},{\"@type\":\"Organization\",\"@id\":\"https:\/\/fervent-mcclintock.92-205-105-197.plesk.page\/#organization\",\"name\":\"ASK Fu\u017einar\",\"url\":\"https:\/\/fervent-mcclintock.92-205-105-197.plesk.page\/\",\"logo\":{\"@type\":\"ImageObject\",\"inLanguage\":\"en-US\",\"@id\":\"https:\/\/fervent-mcclintock.92-205-105-197.plesk.page\/#\/schema\/logo\/image\/\",\"url\":\"https:\/\/fervent-mcclintock.92-205-105-197.plesk.page\/wp-content\/uploads\/2023\/12\/logoASK.png\",\"contentUrl\":\"https:\/\/fervent-mcclintock.92-205-105-197.plesk.page\/wp-content\/uploads\/2023\/12\/logoASK.png\",\"width\":240,\"height\":203,\"caption\":\"ASK Fu\u017einar\"},\"image\":{\"@id\":\"https:\/\/fervent-mcclintock.92-205-105-197.plesk.page\/#\/schema\/logo\/image\/\"}}]}<\/script>\n<!-- \/ Yoast SEO plugin. -->","yoast_head_json":{"title":"Sponzorji - ASK Fu\u017einar","robots":{"index":"index","follow":"follow","max-snippet":"max-snippet:-1","max-image-preview":"max-image-preview:large","max-video-preview":"max-video-preview:-1"},"canonical":"https:\/\/fervent-mcclintock.92-205-105-197.plesk.page\/index.php\/sponzorji\/","og_locale":"en_US","og_type":"article","og_title":"Sponzorji - ASK Fu\u017einar","og_description":"PODPORA NA\u0160I SPONOZORJI NA\u0160I PODPORNIKI PODPORA BREZ KATERE NE GRE V Alpskem smu\u010darskem klubu Fu\u017einar (ASK) cenimo in se zahvaljujemo na\u0161im sponzorjem, ki so klju\u010dni partnerji pri ustvarjanju izjemnih smu\u010darskih trenutkov in razvoju na\u0161ih tekmovalcev. Z njihovo podporo smo sposobni zagotavljati vrhunske pogoje za treninge, tekmovanja in celostni razvoj smu\u010darjev vseh starosti. Povezovanje s podjetji, [&hellip;]","og_url":"https:\/\/fervent-mcclintock.92-205-105-197.plesk.page\/index.php\/sponzorji\/","og_site_name":"ASK Fu\u017einar","article_modified_time":"2023-12-20T23:13:17+00:00","og_image":[{"url":"https:\/\/fervent-mcclintock.92-205-105-197.plesk.page\/wp-content\/uploads\/2023\/12\/85af65_e8a4069358fe48329ab3467d7abcf4eemv2.jpg"}],"twitter_card":"summary_large_image","twitter_misc":{"Est. reading time":"5 minutes"},"schema":{"@context":"https:\/\/schema.org","@graph":[{"@type":"WebPage","@id":"https:\/\/fervent-mcclintock.92-205-105-197.plesk.page\/index.php\/sponzorji\/","url":"https:\/\/fervent-mcclintock.92-205-105-197.plesk.page\/index.php\/sponzorji\/","name":"Sponzorji - ASK Fu\u017einar","isPartOf":{"@id":"https:\/\/fervent-mcclintock.92-205-105-197.plesk.page\/#website"},"primaryImageOfPage":{"@id":"https:\/\/fervent-mcclintock.92-205-105-197.plesk.page\/index.php\/sponzorji\/#primaryimage"},"image":{"@id":"https:\/\/fervent-mcclintock.92-205-105-197.plesk.page\/index.php\/sponzorji\/#primaryimage"},"thumbnailUrl":"https:\/\/fervent-mcclintock.92-205-105-197.plesk.page\/wp-content\/uploads\/2023\/12\/85af65_e8a4069358fe48329ab3467d7abcf4eemv2.jpg","datePublished":"2023-12-20T22:59:53+00:00","dateModified":"2023-12-20T23:13:17+00:00","breadcrumb":{"@id":"https:\/\/fervent-mcclintock.92-205-105-197.plesk.page\/index.php\/sponzorji\/#breadcrumb"},"inLanguage":"en-US","potentialAction":[{"@type":"ReadAction","target":["https:\/\/fervent-mcclintock.92-205-105-197.plesk.page\/index.php\/sponzorji\/"]}]},{"@type":"ImageObject","inLanguage":"en-US","@id":"https:\/\/fervent-mcclintock.92-205-105-197.plesk.page\/index.php\/sponzorji\/#primaryimage","url":"https:\/\/fervent-mcclintock.92-205-105-197.plesk.page\/wp-content\/uploads\/2023\/12\/85af65_e8a4069358fe48329ab3467d7abcf4eemv2.jpg","contentUrl":"https:\/\/fervent-mcclintock.92-205-105-197.plesk.page\/wp-content\/uploads\/2023\/12\/85af65_e8a4069358fe48329ab3467d7abcf4eemv2.jpg","width":536,"height":437},{"@type":"BreadcrumbList","@id":"https:\/\/fervent-mcclintock.92-205-105-197.plesk.page\/index.php\/sponzorji\/#breadcrumb","itemListElement":[{"@type":"ListItem","position":1,"name":"Home","item":"https:\/\/fervent-mcclintock.92-205-105-197.plesk.page\/"},{"@type":"ListItem","position":2,"name":"Sponzorji"}]},{"@type":"WebSite","@id":"https:\/\/fervent-mcclintock.92-205-105-197.plesk.page\/#website","url":"https:\/\/fervent-mcclintock.92-205-105-197.plesk.page\/","name":"ASK Fu\u017einar","description":"Alpski smu\u010darski klub Fu\u017einar","publisher":{"@id":"https:\/\/fervent-mcclintock.92-205-105-197.plesk.page\/#organization"},"potentialAction":[{"@type":"SearchAction","target":{"@type":"EntryPoint","urlTemplate":"https:\/\/fervent-mcclintock.92-205-105-197.plesk.page\/?s={search_term_string}"},"query-input":{"@type":"PropertyValueSpecification","valueRequired":true,"valueName":"search_term_string"}}],"inLanguage":"en-US"},{"@type":"Organization","@id":"https:\/\/fervent-mcclintock.92-205-105-197.plesk.page\/#organization","name":"ASK Fu\u017einar","url":"https:\/\/fervent-mcclintock.92-205-105-197.plesk.page\/","logo":{"@type":"ImageObject","inLanguage":"en-US","@id":"https:\/\/fervent-mcclintock.92-205-105-197.plesk.page\/#\/schema\/logo\/image\/","url":"https:\/\/fervent-mcclintock.92-205-105-197.plesk.page\/wp-content\/uploads\/2023\/12\/logoASK.png","contentUrl":"https:\/\/fervent-mcclintock.92-205-105-197.plesk.page\/wp-content\/uploads\/2023\/12\/logoASK.png","width":240,"height":203,"caption":"ASK Fu\u017einar"},"image":{"@id":"https:\/\/fervent-mcclintock.92-205-105-197.plesk.page\/#\/schema\/logo\/image\/"}}]}},"_links":{"self":[{"href":"https:\/\/fervent-mcclintock.92-205-105-197.plesk.page\/index.php\/wp-json\/wp\/v2\/pages\/213","targetHints":{"allow":["GET"]}}],"collection":[{"href":"https:\/\/fervent-mcclintock.92-205-105-197.plesk.page\/index.php\/wp-json\/wp\/v2\/pages"}],"about":[{"href":"https:\/\/fervent-mcclintock.92-205-105-197.plesk.page\/index.php\/wp-json\/wp\/v2\/types\/page"}],"author":[{"embeddable":true,"href":"https:\/\/fervent-mcclintock.92-205-105-197.plesk.page\/index.php\/wp-json\/wp\/v2\/users\/1"}],"replies":[{"embeddable":true,"href":"https:\/\/fervent-mcclintock.92-205-105-197.plesk.page\/index.php\/wp-json\/wp\/v2\/comments?post=213"}],"version-history":[{"count":13,"href":"https:\/\/fervent-mcclintock.92-205-105-197.plesk.page\/index.php\/wp-json\/wp\/v2\/pages\/213\/revisions"}],"predecessor-version":[{"id":239,"href":"https:\/\/fervent-mcclintock.92-205-105-197.plesk.page\/index.php\/wp-json\/wp\/v2\/pages\/213\/revisions\/239"}],"wp:attachment":[{"href":"https:\/\/fervent-mcclintock.92-205-105-197.plesk.page\/index.php\/wp-json\/wp\/v2\/media?parent=213"}],"curies":[{"name":"wp","href":"https:\/\/api.w.org\/{rel}","templated":true}]}}